1 prime?
False
Is 57967097543 a composite number?
True
Is 63312677 a prime number?
False
Is 15510676127 composite?
False
Is 258679931 prime?
True
Is 3736276301 prime?
True
Is 330566111 a composite number?
True
Is 621081301 a composite number?
False
Is 761136379 composite?
True
Is 320804741 a prime number?
False
Is 4302111785 composite?
True
Is 64113954937 composite?
True
Is 40896371 a composite number?
True
Is 8546988077 composite?
False
Is 5586248813 a prime number?
False
Is 5514514223 a prime number?
True
Is 18552271 a prime number?
True
Is 217157929 composite?
True
Is 589128513 composite?
True
Is 1660437421 a prime number?
True
Is 47976607073 a prime number?
False
Is 84180806659 prime?
False
Is 806315101 composite?
True
Is 6345468967 prime?
True
Is 3102316229 composite?
True
Is 28837003507 a composite number?
True
Is 5401617809 a composite number?
True
Is 348560917 a prime number?
True
Is 39837014797 composite?
False
Is 3283911461 prime?
True
Is 47940311 a composite number?
False
Is 4630183721 composite?
True
Is 583824793 prime?
True
Is 54133918681 composite?
True
Is 556836083 composite?
False
Is 16366044169 a composite number?
True
Is 169738429 prime?
False
Is 529248019 composite?
False
Is 249974281 composite?
True
Is 941549381 a composite number?
False
Is 6484400987 composite?
False
Is 5403980083 a prime number?
True
Is 919586753 a composite number?
False
Is 997657819 prime?
False
Is 145876252333 composite?
True
Is 7246730857 composite?
True
Is 24223865431 composite?
True
Is 2257984031 prime?
True
Is 2299182407 composite?
False
Is 39998668343 a composite number?
False
Is 725379533 prime?
True
Is 46914336181 composite?
True
Is 2117527003 composite?
True
Is 1436047213 prime?
True
Is 9687860009 composite?
False
Is 3454474601 prime?
True
Is 98404162 prime?
False
Is 1510789111 composite?
True
Is 3050249747 a prime number?
False
Is 185183731 composite?
False
Is 8430211333 composite?
False
Is 4248916291 prime?
False
Is 8768288021 a prime number?
True
Is 1033966007605 composite?
True
Is 24014189423 a prime number?
False
Is 6851959861 a prime number?
True
Is 97267483 a prime number?
False
Is 2529801509 prime?
False
Is 345577518463 a prime number?
True
Is 109570588793 a prime number?
True
Is 12469614137 composite?
False
Is 882961889 a prime number?
False
Is 5508334151 a prime number?
True
Is 497428271 prime?
False
Is 12898862909 a prime number?
False
Is 101080279 composite?
False
Is 25616278309 a prime number?
True
Is 37104853 composite?
True
Is 3361722437 a composite number?
False
Is 749194773 composite?
True
Is 231240215207 composite?
False
Is 46576331 a prime number?
True
Is 17244776911 composite?
False
Is 23961510307 composite?
True
Is 283750501 a composite number?
False
Is 2048720383 composite?
True
Is 300673829 prime?
False
Is 979590199 composite?
True
Is 1531241841 a composite number?
True
Is 18762187 a composite number?
False
Is 1233555017 a composite number?
True
Is 68952817847 a prime number?
False
Is 134611693 a prime number?
True
Is 11843209537 composite?
False
Is 4131748151 a prime number?
False
Is 1061101031 a composite number?
True
Is 2264594665 prime?
False
Is 28335565913 composite?
True
Is 2200547591 a prime number?
False
Is 1983535121 composite?
False
Is 5319347459 composite?
False
Is 37681220537 composite?
True
Is 13658279189 a composite number?
False
Is 2805909599 a prime number?
True
Is 1354512763 a prime number?
True
Is 6573738439 a composite number?
True
Is 35058549767 a composite number?
False
Is 2534610739 composite?
False
Is 1656620387 a composite number?
False
Is 57931040467 composite?
True
Is 658450008537 a composite number?
True
Is 1619814503 prime?
True
Is 28597312187 a composite number?
False
Is 2448509339 composite?
False
Is 633823693 a composite number?
False
Is 64148088203 prime?
True
Is 1276121941 composite?
False
Is 1364385121 composite?
True
Is 733601573 a prime number?
False
Is 462451233 a prime number?
False
Is 17960978659 composite?
True
Is 1287546053 composite?
True
Is 11123471 prime?
True
Is 340576063 a prime number?
True
Is 23299091317 a composite number?
True
Is 7895549 a composite number?
False
Is 10282389199 a prime number?
True
Is 15211635857 a composite number?
True
Is 4852502906 a composite number?
True
Is 2066732191 composite?
True
Is 52067497 composite?
False
Is 2031912929 composite?
False
Is 1427521871 a prime number?
False
Is 2810501821 composite?
False
Is 6736422839 composite?
True
Is 10024272667 composite?
False
Is 3653744837 a prime number?
False
Is 442000371491 composite?
True
Is 242587571 composite?
False
Is 16669055989 composite?
False
Is 2060304063 a prime number?
False
Is 11970998051 prime?
False
Is 2301692147 prime?
False
Is 8002635521 prime?
False
Is 12789432263 composite?
True
Is 73298825939 prime?
True
Is 308267479391 a prime number?
True
Is 1857557269 a composite number?
True
Is 858786181 a composite number?
True
Is 839570207 prime?
False
Is 1032402935 prime?
False
Is 5620881383 a composite number?
True
Is 1619702219 prime?
False
Is 1680814241 prime?
True
Is 192358087 a prime number?
False
Is 24078975913 prime?
True
Is 526251277 prime?
False
Is 184763981 a composite number?
False
Is 3276822919 prime?
True
Is 1428016769 a composite number?
False
Is 40191499 a prime number?
True
Is 17111665811 a composite number?
False
Is 1332720911 a composite number?
True
Is 55782016319 prime?
False
Is 28974189487 a prime number?
False
Is 128908899761 prime?
True
Is 47694625201 prime?
False
Is 90512958287 composite?
False
Is 5025064451 a prime number?
False
Is 14781840107 composite?
False
Is 2878307027 a composite number?
False
Is 1989745409 a composite number?
False
Is 625589369 a prime number?
False
Is 10428550697 prime?
True
Is 102590555 a prime number?
False
Is 3453782221 prime?
False
Is 1172086171 composite?
False
Is 31367893199 composite?
False
Is 43534689299 a composite number?
True
Is 784588723 a prime number?
False
Is 801889763 composite?
False
Is 2556884665 a composite number?
True
Is 48852015007 composite?
False
Is 45922482457 prime?
True
Is 383102809 prime?
False
Is 3410122789 prime?
False
Is 10380365599 a prime number?
False
Is 1367194679 composite?
False
Is 58766707421 composite?
False
Is 821176511 composite?
False
Is 113384111051 a composite number?
False
Is 6871937689 a composite number?
True
Is 301963271 a composite number?
False
Is 67087783771 composite?
True
Is 331647493 a prime number?
True
Is 3760561601 composite?
False
Is 43795741397 a prime number?
True
Is 12118641361 a composite number?
False
Is 85720216161 a prime number?
False
Is 8135765881 composite?
False
Is 1061477377 a prime number?
False
Is 14246616169 prime?
False
Is 103525258939 a prime number?
False
Is 728946431 composite?
True
Is 1702098137 prime?
True
Is 534488849 a prime number?
True
Is 1204069241 prime?
False
Is 26436287 prime?
True
Is 684911959 a composite number?
True
Is 84990687143 composite?
True
Is 3799955849 a prime number?
True
Is 373303063 prime?
False
Is 3207437099 a composite number?
True
Is 5037341759 a composite number?
False
Is 49362961 a composite number?
False
Is 25826521459 a composite number?
False
Is 1815477161 a composite number?
False
Is 1553060347 composite?
True
Is 5929384063 prime?
False
Is 6847305301 a prime number?
False
Is 246404617 a prime number?
True
Is 7055176823 composite?
False
Is 2098188109 a composite number?
True
Is 173137632763 prime?
True
Is 4931005631 a composite number?
False
Is 55813026371 composite?
False
Is 4514124691 prime?
False
Is 23228914739 composite?
True
Is 15043783 prime?
True
Is 7001482951 a composite number?
False
Is 3695623913 a prime number?
True
Is 830655715 prime?
False
Is 615488759 prime?
True
Is 5105955479 a prime number?
True
Is 482517473 prime?
True
Is 18795235 a composite number?
True
Is 2767159918 a composite number?
True
Is 1427572381 a composite number?
True
Is 915482923 prime?
True
Is 18829553143 prime?
False
Is 181686646307 prime?
False
Is 1070244583 a prime number?
False
Is 3586278863 a prime number?
True
Is 176366257 a prime number?
True
Is 11825080669 a prime number?
True
Is 1931622311 a prime number?
True
Is 1629344837 prime?
True
Is 156369821 a prime number?
False
Is 11869809293 a composite number?
False
Is 262144481 a prime number?
True
